 remainder when 28448 is divided by 23?
20
What is the remainder when 5816022 is divided by 17?
16
What is the remainder when 8513 is divided by 4250?
13
What is the remainder when 74142 is divided by 124?
114
What is the remainder when 2310 is divided by 741?
87
What is the remainder when 463 is divided by 78?
73
What is the remainder when 26327 is divided by 17?
11
Calculate the remainder when 1082510 is divided by 197.
192
What is the remainder when 1208082 is divided by 238?
232
Calculate the remainder when 3665 is divided by 77.
46
Calculate the remainder when 23594 is divided by 3929.
20
Calculate the remainder when 37428 is divided by 719.
40
What is the remainder when 259721 is divided by 423?
422
Calculate the remainder when 761 is divided by 87.
65
What is the remainder when 321561 is divided by 16?
9
What is the remainder when 19996 is divided by 464?
44
Calculate the remainder when 5602 is divided by 152.
130
Calculate the remainder when 4958 is divided by 989.
13
What is the remainder when 11594 is divided by 232?
226
What is the remainder when 386639 is divided by 24?
23
What is the remainder when 5008 is divided by 634?
570
What is the remainder when 1071 is divided by 33?
15
Calculate the remainder when 818 is divided by 315.
188
Calculate the remainder when 3238 is divided by 8.
6
Calculate the remainder when 1040 is divided by 172.
8
Calculate the remainder when 1258 is divided by 458.
342
Calculate the remainder when 208441 is divided by 149.
139
Calculate the remainder when 16164 is divided by 8047.
70
What is the remainder when 33515 is divided by 28?
27
Calculate the remainder when 56799 is divided by 21.
15
Calculate the remainder when 241342 is divided by 21938.
24
Calculate the remainder when 4763 is divided by 847.
528
Calculate the remainder when 10964 is divided by 5479.
6
What is the remainder when 10520 is divided by 750?
20
Calculate the remainder when 18440 is divided by 897.
500
Calculate the remainder when 10678 is divided by 2089.
233
What is the remainder when 27859 is divided by 73?
46
What is the remainder when 3656 is divided by 1804?
48
Calculate the remainder when 13622 is divided by 1257.
1052
What is the remainder when 46544 is divided by 1939?
8
Calculate the remainder when 746 is divided by 68.
66
Calculate the remainder when 146092 is divided by 6.
4
Calculate the remainder when 37884 is divided by 5410.
14
What is the remainder when 51996 is divided by 20?
16
Calculate the remainder when 7341 is divided by 513.
159
What is the remainder when 6198 is divided by 371?
262
What is the remainder when 2155996 is divided by 163?
158
Calculate the remainder when 8650 is divided by 431.
30
What is the remainder when 4220 is divided by 3536?
684
Calculate the remainder when 102594 is divided by 113.
103
Calculate the remainder when 76054 is divided by 5850.
4
Calculate the remainder when 23168 is divided by 75.
68
What is the remainder when 10300 is divided by 3398?
106
Calculate the remainder when 4139 is divided by 243.
8
What is the remainder when 39557 is divided by 46?
43
What is the remainder when 3392 is divided by 266?
200
Calculate the remainder when 13448 is divided by 2688.
8
Calculate the remainder when 8988031 is divided by 736.
735
What is the remainder when 978 is divided by 69?
12
Calculate the remainder when 10526 is divided by 2631.
2
What is the remainder when 4589 is divided by 148?
1
What is the remainder when 561 is divided by 52?
41
Calculate the remainder when 12602 is divided by 125.
102
Calculate the remainder when 1816 is divided by 285.
106
What is the remainder when 1285 is divided by 165?
130
Calculate the remainder when 310784 is divided by 16.
0
Calculate the remainder when 40010 is divided by 1739.
13
What is the remainder when 9496 is divided by 81?
19
Calculate the remainder when 900414 is divided by 44.
42
Calculate the remainder when 53423 is divided by 219.
206
What is the remainder when 296039 is divided by 333?
2
Calculate the remainder when 51813 is divided by 68.
65
Calculate the remainder when 4711 is divided by 4709.
2
Calculate the remainder when 16288 is divided by 387.
34
Calculate the remainder when 7526 is divided by 145.
131
Calculate the remainder when 79634 is divided by 387.
299
What is the remainder when 1778864 is divided by 378?
374
Calculate the remainder when 320 is divided by 14.
12
What is the remainder when 462 is divided by 44?
22
What is the remainder when 1882 is divided by 938?
6
What is the remainder when 2080 is divided by 106?
66
What is the remainder when 46188 is divided by 6569?
205
Calculate the remainder when 37964 is divided by 42.
38
What is the remainder when 67760 is divided by 2605?
30
Calculate the remainder when 9728 is divided by 141.
140
What is the remainder when 117371 is divided by 6893?
190
What is the remainder when 500445 is divided by 1317?
1302
Calculate the remainder when 61390 is divided by 11.
10
What is the remainder when 1495 is divided by 149?
5
Calculate the remainder when 79380 is divided by 293.
270
What is the remainder when 17945 is divided by 5562?
1259
Calculate the remainder when 159325 is divided by 29.
28
Calculate the remainder when 151897 is divided by 58.
53
Calculate the remainder when 88343 is divided by 1299.
11
What is the remainder when 3473 is divided by 3285?
188
Calculate the remainder when 2133 is divided by 2049.
84
What is the remainder when 11717 is divided by 302?
241
What is the remainder when 5043 is divided by 543?
156
Calculate the remainder when 1498763 is divided by 455.
448
What is the remainder when 424839 is divided by 6?
3
What is the remainder when 11328 is divided by 3751?
75
What is the remainder when 62789 is divided by 40?
29
What is the remainder when 7667 is divided by 166?
31
What is the remainder when 14394 is divided by 98?
86
What is the remainder when 11689 is divided by 79?
76
Calculate the remainder when 5324 is divided by 7.
4
Calculate the remainder when 2010 is divided by 48.
42
What is the remainder when 98605 is divided by 57?
52
What is the remainder when 608 is divided by 594?
14
Calculate the remainder when 1174 is divided by 662.
512
What is the remainder when 172947 is divided by 99?
93
Calculate the remainder when 35901 is divided by 732.
33
What is the remainder when 9458 is divided by 128?
114
What is the remainder when 193532 is divided by 64495?
47
Calculate the remainder when 218290 is divided by 285.
265
Calculate the remainder when 124214 is divided by 124118.
96
Calculate the remainder when 609956 is divided by 553.
550
Calculate the remainder when 48892 is divided by 589.
5
Calculate the remainder when 7815 is divided by 411.
6
Calculate the remainder when 1228 is divided by 619.
609
What is the remainder when 226553 is divided by 56637?
5
Calculate the remainder when 2385172 is divided by 265018.
10
Calculate the remainder when 1274950 is divided by 42.
40
What is the remainder when 78142 is divided by 117?
103
What is the remainder when 272092 is divided by 5?
2
What is the remainder when 10735 is divided by 2147?
0
Calculate the remainder when 39553 is divided by 193.
181
Calculate the remainder when 118107 is divided by 93.
90
Calculate the remainder when 8224 is divided by 339.
88
What is the remainder when 6306 is divided by 372?
354
What is the remainder when 64919 is divided by 32453?
13
Calculate the remainder when 434729 is divided by 11.
9
Calculate the remainder when 2887 is divided by 1223.
441
Calculate the remainder when 259128 is divided by 1264.
8
What is the remainder when 1064 is divided by 1052?
12
Calculate the remainder when 41152 is divided by 391.
97
Calculate the remainder when 264269 is divided by 1573.
5
Calculate the remainder when 21963 is divided by 4386.
33
Calculate the remainder when 3677 is divided by 733.
12
Calculate the remainder when 3257 is divided by 802.
49
What is the remainder when 5714 is divided by 92?
10
Calculate the remainder when 120414 is divided by 137.
128
Calculate the remainder when 36363 is divided by 20.
3
Calculate the remainder when 44317 is divided by 14769.
10
Calculate the remainder when 9658 is divided by 651.
544
Calculate the remainder when 954 is divided by 385.
184
Calculate